241
Convert -344500 (base 6) to base 2.
-111001101110100
What is -654a (base 14) in base 2?
-100010001100110
-12661 (base 10) to base 7
-51625
What is -713 (base 8) in base 13?
-294
What is -b184 (base 16) in base 4?
-23012010
What is -105 (base 11) in base 6?
-330
What is 577 (base 13) in base 15?
42d
What is -315 (base 15) in base 5?
-10240
Convert 1581 (base 10) to base 7.
4416
Convert 14e (base 15) to base 16.
12b
Convert 1000212 (base 3) to base 4.
23300
Convert 1014 (base 10) to base 3.
1101120
Convert -1000000100001111 (base 2) to base 16.
-810f
2459 (base 13) to base 11
3957
-5249 (base 15) to base 4
-10033302
Convert 7776 (base 14) to base 7.
114206
What is 153a9 (base 12) in base 15?
8d0c
-1001111010 (base 2) to base 10
-634
Convert 783 (base 10) to base 2.
1100001111
16511 (base 13) to base 3
2011102212
Convert 838 (base 10) to base 11.
6a2
Convert 32b8 (base 13) to base 12.
4120
184 (base 15) to base 7
1006
-2667 (base 11) to base 9
-4665
2606 (base 7) to base 10
986
Convert -13133011 (base 4) to base 13.
-10c57
Convert 138 (base 10) to base 6.
350
What is 24302 (base 6) in base 11?
2752
Convert -2204 (base 7) to base 12.
-558
Convert -352 (base 14) to base 12.
-470
-2031 (base 4) to base 11
-119
What is -31202 (base 4) in base 3?
-1012002
What is 57c (base 15) in base 5?
14432
What is -7d1 (base 14) in base 7?
-4351
-1bd0 (base 15) to base 9
-8256
Convert -1001000110001 (base 2) to base 9.
-6344
-1211 (base 9) to base 10
-901
Convert -11323 (base 4) to base 11.
-315
What is -1a6 (base 15) in base 6?
-1433
Convert -550 (base 7) to base 16.
-118
Convert 31d (base 14) to base 7.
1536
3222 (base 5) to base 3
121012
Convert 52736 (base 8) to base 3.
1010011011
Convert -10a (base 12) to base 3.
-12201
What is 111101010010100 (base 2) in base 13?
1138b
-43123 (base 5) to base 2
-101101100001
What is -1214 (base 11) in base 14?
-816
Convert -8065 (base 12) to base 9.
-21055
What is -40b (base 14) in base 11?
-663
What is 502 (base 9) in base 4?
12113
32 (base 6) to base 12
18
-124211 (base 5) to base 12
-2a2b
-327 (base 10) to base 9
-403
What is -12333 (base 10) in base 3?
-121220210
-120 (base 4) to base 11
-22
What is -100243 (base 6) in base 2?
-1111011000011
Convert -222102 (base 3) to base 5.
-10323
What is -73 (base 13) in base 16?
-5e
What is 961 (base 15) in base 7?
6112
What is -4108 (base 13) in base 6?
-105301
What is -4d81 (base 14) in base 4?
-3111011
11010000 (base 2) to base 8
320
-170 (base 8) to base 4
-1320
What is -200011 (base 3) in base 14?
-270
What is -43141 (base 6) in base 8?
-13405
Convert -856 (base 13) to base 7.
-4102
Convert 343 (base 5) to base 3.
10122
What is 11563 (base 7) in base 16?
bda
What is 539 (base 10) in base 5?
4124
Convert 85c6 (base 14) to base 11.
163a6
272 (base 14) to base 9
606
What is 100101 (base 3) in base 15?
11d
What is 327 (base 15) in base 3?
222101
-3023 (base 5) to base 16
-184
Convert 58527 (base 9) to base 7.
221620
61 (base 8) to base 2
110001
What is -2aa (base 14) in base 13?
-329
What is -10b6 (base 13) in base 8?
-4452
Convert -1012121220 (base 3) to base 12.
-11920
-214 (base 8) to base 3
-12012
100310 (base 4) to base 7
3065
22031 (base 5) to base 12
a64
What is -3423 (base 7) in base 13?
-747
-26431 (base 7) to base 14
-2818
Convert -222012 (base 3) to base 14.
-387
Convert -52076 (base 8) to base 5.
-1142231
-1025 (base 7) to base 16
-16a
Convert -3472 (base 10) to base 3.
-11202121
Convert 132121 (base 7) to base 3.
1020222001
Convert 13132220 (base 4) to base 9.
46015
Convert -20012133 (base 4) to base 8.
-100637
520445 (base 6) to base 14
11269
Convert -201 (base 5) to base 8.
-63
What is -33a (base 16) in base 12?
-58a
What is -4342132 (base 5) in base 3?
-10210102110
What is 22221 (base 4) in base 15?
306
1026 (base 13) to base 10
2229
13002 (base 4) to base 7
1212
-11001110110 (base 2) to base 4
-121312
Convert 1140 (base 5) to base 10.
170
Convert 4031 (base 8) to base 6.
13333
Convert -1101001100 (base 2) to base 13.
-4cc
Convert 10101100 (base 2) to base 4.
2230
301433 (base 7) to base 16
c728
-4aa3 (base 16) to base 4
-10222203
What is 24105 (base 6) in base 14?
13bb
5188 (base 13) to base 5
330031
What is 24672 (base 11) in base 3?
1210120112
3161 (base 8) to base 13
99b
-31 (base 10) to base 5
-111
What is 1094 (base 13) in base 15?
a48
What is 7458 (base 9) in base 2?
1010101101000
What is 4b5 (base 12) in base 13?
42b
1932 (base 11) to base 13
116b
Convert -10000000101110 (base 2) to base 11.
-620a
What is -314042 (base 6) in base 2?
-110001110101010
-11011101100 (base 2) to base 8
-3354
15015 (base 6) to base 15
a92
Convert 51a5 (base 15) to base 16.
4367
26204 (base 10) to base 5
1314304
What is 12726 (base 8) in base 12?
329a
Convert 196 (base 12) to base 15.
123
What is 11323012 (base 4) in base 15?
72c7
What is 7520 (base 9) in base 4?
1112112
647a (base 11) to base 16
216d
Convert 6079 (base 15) to base 12.
b950
Convert -174a (base 16) to base 6.
-43334
Convert 43315 (base 7) to base 2.
10101000101000
-22313 (base 4) to base 13
-416
Convert -a663 (base 12) to base 11.
-12763
What is -1970 (base 11) in base 14?
-ca5
-211201 (base 3) to base 16
-265
What is 58999 (base 11) in base 9?
138600
What is 185 (base 9) in base 5?
1113
What is -48 (base 9) in base 4?
-230
460 (base 11) to base 9
671
Convert -122320 (base 4) to base 10.
-1720
Convert 5952 (base 13) to base 10.
12573
Convert -4027 (base 12) to base 14.
-275d
-1316 (base 11) to base 10
-1711
What is -ebc (base 15) in base 6?
-23223
What is 1000000001010010 (base 2) in base 5?
2022400
-3180 (base 14) to base 4
-2011130
What is -187 (base 14) in base 11?
-267
Convert -473 (base 10) to base 16.
-1d9
1043 (base 5) to base 13
b5
Convert -140420 (base 7) to base 8.
-63775
Convert 10 (base 11) to base 9.
12
What is -11100101011 (base 2) in base 8?
-3453
What is -157 (base 13) in base 5?
-1431
What is -3407 (base 14) in base 13?
-4151
52b4 (base 16) to base 2
101001010110100
Convert 1021 (base 10) to base 8.
1775
-18e (base 16) to base 12
-292
-1011011011 (base 2) to base 9
-1002
Convert 5430 (base 8) to base 7.
11165
905 (base 11) to base 5
13334
-3166 (base 10) to base 6
-22354
114 (base 8) to base 15
51
Convert 13638 (base 9) to base 6.
110525
699e (base 16) to base 14
9bd4
13434 (base 6) to base 3
2220011
Convert -1d1 (base 15) to base 10.
-421
Convert 818 (base 15) to base 6.
12235
What is -842 (base 10) in base 13?
-4ca
What is 8a3 (base 11) in base 8?
2071
What is -4543 (base 10) in base 3?
-20020021
100010110110 (base 2) to base 9
3047
Convert -20223 (base 4) to base 13.
-339
What is 202030 (base 5) in base 12?
392b
7d4b (base 16) to base 2
111110101001011
What is 21236 (base 7) in base 4?
1102112
Convert 331312 (base 6) to base 11.
19774
10660 (base 7) to base 4
222301
-592 (base 15) to base 2
-10011101110
Convert 12101 (base 3) to base 5.
1040
Convert -1000111010010110 (base 2) to base 8.
-107226
7425 (base 15) to base 12
12268
-6327 (base 11) to base 5
-232003
What is -14673 (base 14) in base 2?
-1100010111101101
-422122 (base 5) to base 4
-3123111
Convert 1a02 (base 15) to base 2.
1010111111011
What is -273 (base 8) in base 9?
-227
-19a8 (base 15) to base 9
-7555
Convert -2007 (base 8) to base 4.
-100013
What is -2032022 (base 4) in base 7?
-35345
-133323 (base 4) to base 12
-1223
What is 2355 (base 7) in base 2?
1101101001
11717 (base 9) to base 11
5a08
Convert -222105 (base 6) to base 9.
-27475
-513 (base 7) to base 6
-1103
Convert -113140 (base 6) to base 12.
-57b0
Convert -450 (base 14) to base 11.
-707
What is 73 (base 14) in base 3?
10202
Convert 213401 (base 6) to base 8.
42351
What is -280 (base 9) in base 14?
-12a
20751 (base 8) to base 12
5035
Convert -1012330 (base 4) to base 13.
-20b3
Convert -116a (base 13) to base 16.
-996
-2a2 (base 13) to base 9
-572
Convert -1177 (base 12) to base 8.
-3653
Convert 43715 (base 8) to base 12.
a779
-5c9e (base 16) to base 5
-1224320
Convert -20002202 (base 3) to base 8.
-10540
Convert -40a (base 11) to base 9.
-608
-1622b (base 12) to base 10
-31427
What is 11100100011 (base 2) in base 12?
1083
1221 (base 7) to base 6
2040
What is 7371 (base 8) in base 12?
2275
10111000101110 (base 2) to base 14
4446
-56527 (base 8) to base 2
-1011101010101